 digit of v?
1
Suppose 2*z = 7*o - 4*o + 89, 0 = 2*z - o - 79. What is the units digit of z?
7
Let j = -19 - 1. Let s = j - -38. What is the units digit of s?
8
Suppose -4*u + 20 = -4*r, -4*u + 20 = -2*u - 4*r. Suppose -m - 2*m - 5*y + 56 = u, -y + 52 = 4*m. What is the tens digit of m?
1
Suppose w - 4*k - 44 = -k, 0 = 5*w - 4*k - 187. What is the units digit of w?
5
Let v(i) = i**2 + 4*i + 7. What is the units digit of v(-4)?
7
Suppose 2*k - 3*h - 165 = 0, -4*k + 2*k + 4*h + 162 = 0. What is the units digit of k?
7
Let p = 75 - 38. What is the tens digit of p?
3
Let j be 0/(-5 + 3 - -4). What is the units digit of 18*(j + 16/6)?
8
Let o be 17/4 + (-1)/4. Suppose -4*a - 4*v - 12 = -2*a, -4 = 4*a + o*v. Suppose 36 = a*k - 4*u, -2*k + u = 2*k - 24. What is the units digit of k?
5
What is the tens digit of 188*(-3)/(-6) + (3 - 1)?
9
Let f = -23 - -38. Suppose -f = -3*o - 2*o. What is the units digit of o?
3
Let u be 1/(-3) - (-24)/(-9). Let n be 19 - (-1 + u + 2). Let t = n + -13. What is the units digit of t?
8
Suppose 2*f = -3*f - 3*z + 138, 64 = 2*f - z. What is the tens digit of f?
3
Let g = 22 + -14. Let k = 6 - g. What is the units digit of (k/3 + 1)*3?
1
Suppose -2*j + 20 = 2*j. What is the units digit of (-16)/(-5) - 1/j?
3
Suppose -4*b + 9*b + 10 = 0. Let p(g) = g**2 - g + 2. Let l be p(b). Suppose 4*w + l = -2*v, 4*v - w + 5*w + 4 = 0. What is the units digit of v?
2
Let l be (-22)/4 - 6/4. Let f = l - -14. What is the units digit of f?
7
Let o = 14 - 8. Suppose 1 = -5*w + 4*v - 11, -3*w = -v + 10. Let z = o + w. What is the units digit of z?
2
Let m(i) = 7*i + 4. Let r be m(3). Let x = -10 + r. What is the tens digit of x?
1
Let a(o) = -o**3 + 7*o**2 + 8*o + 3. Let t be a(8). Suppose -5*v + 1 = -t*b - 0, 1 = b - v. Suppose 4*k = b*k + 5. What is the units digit of k?
5
Let j(h) = -h**3 - 3*h**2 + 6*h + 4. Suppose 10 = -2*f - 0. What is the tens digit of j(f)?
2
Let x be (0 + 8)*(-15)/(-6). Suppose 7*c = 2*c - x. Let l = c + 5. What is the units digit of l?
1
Let i = 12 + 4. What is the tens digit of i?
1
What is the units digit of 1/2*188/2?
7
Let l(k) = -k**3 - k**2 - k - 2. Let y be l(-2). Suppose n - y*c - 7 = 0, 5*n + 0*c - 35 = 2*c. What is the units digit of n?
7
Let p = 54 - 103. Let w = p + 86. What is the units digit of w?
7
Let o = 7 + -4. Suppose -57 = 5*u - 7*u - z, 0 = 2*u - o*z - 45. What is the units digit of u?
7
Suppose 0 = 4*p - 0*p - 52. Suppose 2*q = 3*f - 19 - p, 3*q = 5*f - 54. Suppose 0*w + 3*w - 18 = -2*t, -2*w + f = t. What is the units digit of w?
6
Suppose m = -4*m. Let l = 12 - m. What is the tens digit of l?
1
Let x(r) = -r**3 - 9*r**2 - 7*r + 10. Let m be x(-8). Let z = 22 - m. What is the tens digit of z?
2
Suppose -6*d + d = 355. Let b = -33 - d. Suppose -l + 5*l - 2*i - b = 0, -3*i = 5*l - 20. What is the units digit of l?
7
Let o(a) be the second derivative of -a**3/6 + 9*a**2/2 + a. Let m be 1*2*14/4. What is the units digit of o(m)?
2
Let v be 2 + 9 - (-2 - -1). Suppose 2*h - b = 6*h + v, -h = -2*b - 6. Let q(t) = t**3 + 3*t**2 - 2*t - 2. What is the units digit of q(h)?
6
Let a(d) = 34*d + 2. What is the tens digit of a(1)?
3
Let g(l) = 7*l - 8. Let m be g(8). Suppose -21 = -s + 2*y, -y + 5 = -3*s + m. What is the tens digit of s?
1
Suppose -3*u = -0*u - 6. What is the units digit of 1 + (1 - (-3 - u))?
7
Suppose -6*y + 46 = p - 4*y, 138 = 3*p - y. What is the units digit of p?
6
Suppose 10*s - 14*s + 112 = 0. Suppose -s - 120 = -4*n. What is the tens digit of n?
3
Suppose 4*p - 3*p + 5*s - 56 = 0, 0 = -5*p + 3*s + 280. What is the tens digit of p?
5
Let g be 9/15 - 189/15. What is the units digit of -2 + 1/((-3)/g)?
2
Let c be (-4)/20 - (-158)/(-10). Let o = 23 + c. What is the units digit of o?
7
Suppose 3*d - 16 = -2*i, 3*d - 20 = -2*i - 2*i. What is the units digit of i?
2
Let y = 36 + -34. What is the units digit of y?
2
What is the tens digit of (-3)/(-3)*(0 + 32)?
3
Suppose 5*a = 2*h + 12, -a - 8 = -4*h + a. Let f = 5 - h. What is the units digit of f?
1
Let x = -1 - -6. Suppose -43 = -r - 4*q, 0 = -x*r + 2*r - q + 107. Let t = r + -23. What is the units digit of t?
2
Let h(u) = u**2 + 6*u - 5. Let k be h(-8). Suppose -k*b = -9*b - 2. What is the units digit of b?
1
Let f = 8 - 10. Let r(k) = 6*k**2 - 11*k - 8. Let s(w) = 3*w**2 - 5*w - 4. Let n(g) = f*r(g) + 5*s(g). What is the units digit of n(3)?
4
Let z = 10 + -16. Let d = -6 - z. What is the units digit of (-1)/(d - (-2)/(-10))?
5
Suppose -3*i + 80 = -q, -4*i - 11 + 116 = -3*q. What is the units digit of i?
7
Suppose 2*s - 83 - 81 = 0. What is the units digit of s?
2
Suppose -5*l - 3*u + 359 = 0, -2*l + 2*u + 0*u = -134. What is the units digit of l?
0
Let l(v) = -v**2 + 9*v + 3. Let n be l(9). Suppose 4*u + 0*k - 101 = k, 0 = n*u + 3*k - 87. What is the tens digit of u?
2
Let j = 392 + -214. What is the units digit of j?
8
What is the units digit of (432 + (-10)/(-5))/2?
7
Let f(z) = 2*z - 18. Let a be f(9). What is the units digit of 4 - (a + -25 - 2)?
1
Let z = -6 - 0. Let m = z - -6. Suppose m*o = -3*o + 15. What is the units digit of o?
5
Let m be ((-2 + 3)*8)/1. Suppose -3*z = 2*z. Suppose m = -z*o + o. What is the units digit of o?
8
Let g = 45 - -173. What is the tens digit of g?
1
Suppose -6 = 3*q, 30 + 50 = 4*u + 4*q. What is the units digit of u?
2
Let i = 3 - 2. Suppose -5*s + 10 = -0. Suppose i = y - s. What is the units digit of y?
3
Let h = 82 + -44. What is the units digit of h?
8
Suppose y = 2*y - 89. What is the tens digit of y?
8
Suppose -2*g - 66 = -r - 4*g, -3*r + 4*g + 178 = 0. What is the units digit of r?
2
Suppose -7*r + 177 = -6*r. What is the units digit of r?
7
Let i(z) = z + 6. Let f be i(0). What is the tens digit of (-122)/(-6) - 2/f?
2
Suppose -2*o - 25 = 3*o. Let r(h) = -h**2 - 2*h. Let u be r(-3). Let t = u - o. What is the units digit of t?
2
Let y = 6 - 6. Suppose -j - 4*j + 5 = y. What is the units digit of j?
1
Let z(h) = -h**2 + 4*h - 10. Let i be z(5). Let q = 18 - i. What is the units digit of q?
3
Let u(w) = 2*w + 0*w - w + 17. What is the units digit of u(-10)?
7
Suppose 8 = 2*o, -2*x + o = -32 - 162. What is the units digit of x?
9
What is the units digit of (-86 - (3 - 7))/(-2)?
1
Suppose 41 - 11 = -3*i. What is the tens digit of (4/i)/((-1)/25)?
1
Suppose 5*s - 9*s + 128 = 0. Suppose -5*n = -3*n + 46. Let z = n + s. What is the units digit of z?
9
Let s be (-124)/(-6) + (-1)/(-3). Let q = -8 + s. What is the tens digit of q?
1
Let t(u) = -57*u - 3. Let d be t(-2). Suppose -2*a + 5*o = 53, -2*a + 5*a = -3*o - d. Let l = a + 49. What is the units digit of l?
5
Let r(y) = y**3 + 13*y**2 + 14*y - 16. What is the units digit of r(-11)?
2
Suppose -r - 5*c = -10, -3*r + 64 - 21 = 2*c. Let f be 4/10 - (-84)/r. Suppose 0*b + f = b. What is the units digit of b?
6
Let l = 30 - 3. What is the units digit of l?
7
Let i be (-114)/(-22) - 6/33. Suppose 3*j - 4*c = 79, -2*j + c + 26 = i*c. What is the units digit of j?
1
Suppose -26 = -4*s + 2*k, -5*s + 27 + 8 = -5*k. Let m = 17 + s. What is the units digit of m?
3
Let v(u) = u**3 + 6*u**2 + 3*u - 5. Let l be v(-4). Suppose -2*b - 4 = 4*m, 0*b - 2*m = 3*b - 2. What is the tens digit of (b - (1 + 2)) + l?
1
Suppose 23 - 20 = 3*m. Let j(u) = 2*u + 4. Let i be j(-3). What is the units digit of 2/((i/(-12))/m)?
2
Let b(r) = r**3 + 8*r**2 - 9*r + 8. Let f be b(-9). Let c = f - 6. What is the units digit of c?
2
Let f(s) be the third derivative of -s**5/60 - 5*s**4/12 - 2*s**3 - 2*s**2. Let h be f(-9). Let v = h + 5. What is the units digit of v?
2
Suppose 2*b = 2*t - 26, 3*t + 2*t = 3*b + 43. Let d = b + 17. What is the units digit of d?
6
Let k(q) = -q**3 + 9*q**2 - 5*q - 1. Suppose -5*j - 11 = -51. What is the units digit of k(j)?
3
Let k(c) = -c**3 - 7*c**2 + 7*c + 2. Let f be k(-8). Suppose a - f = -4. Let t = a + 5. What is the units digit of t?
1
Let k(j) = -j**3 + 6*j**2 + j - 6. Let z be (-1)/(-1 - 8/(-10)). What is the tens digit of k(z)?
2
Let n be (10*1)/(4/20). Let d = -27 + n. What is the tens digit of d?
2
Suppose 5*d - 3*n - 388 = 0, -7*d + 404 = -2*d + n. Suppose -2*m - 3*m = -d. What is the units digit of m?
6
Suppose 0 = -4*t + 4*r + 28, -4*t - r = -12 - 6. Suppose 0*l - 3*l = 0. Let w = l + t. What is the units digit of w?
5
Let d = -14 +